1).
-17
Let j(w) = 220*w + 46387. What is j(-204)?
1507
Let f(y) = -y**3 - 90*y**2 + 481*y + 567. What is f(-95)?
-3
Let d(b) = 132*b + 41971. Determine d(-318).
-5
Let g(p) = 13*p**3 + 2146*p**2 + 168*p + 1371. What is g(-165)?
876
Let y(s) = 1953*s**2 - 33206*s + 87. What is y(17)?
2
Let b(c) = -2*c**2 + 2224*c + 22427. Calculate b(-10).
-13
Let v(o) = -o**3 - 2*o**2 - 2515*o + 10083. Calculate v(4).
-73
Let h(j) = -142*j**2 + 6*j - 19. What is h(1)?
-155
Let p(z) = -831143*z - 24103119. Determine p(-29).
28
Let b(j) = -j**3 + 76*j**2 + 1294*j + 478. What is b(-14)?
2
Let s(o) = 5*o**3 - 406*o**2 + 560*o - 6330. What is s(80)?
70
Let t(v) = -v**3 - 137*v**2 - 336*v + 205. Calculate t(-3).
7
Let p(u) = -16*u**2 + 26*u + 15719. Give p(32).
167
Let q(t) = 2*t**2 - 340*t + 13627. Calculate q(64).
59
Let f(l) = -90583*l + 1811671. Give f(20).
11
Let w(g) = -119*g**2 + 8106*g - 1123. Give w(68).
-171
Let u(t) = 4516*t**2 - 1815433*t + 407. Give u(402).
5
Let r(o) = -o**3 - 295*o**2 - 1402*o + 13936. Give r(-290).
16
Let d(q) = -q**2 + 1294*q - 146126. Determine d(125).
-1
Let i(v) = v**3 + 28*v**2 + 85*v + 302. Determine i(-25).
52
Let n(d) = d**3 + 174*d**2 + 2528*d - 49. What is n(-16)?
-49
Let r(i) = -i**2 + 146*i + 11123. Give r(205).
-972
Let n(h) = -2*h**3 + 117*h**2 - 315*h + 1947. Calculate n(56).
-13
Let k(z) = -37*z**3 + 238*z**2 + 147*z + 7. Give k(7).
7
Let g(w) = -311*w + 11530. What is g(37)?
23
Let b(q) = 8123*q - 568614. Determine b(70).
-4
Let c(l) = l**3 - 469*l**2 - 643*l - 140840. Give c(471).
-11
Let r(v) = v**2 + 108*v + 1421. Calculate r(-93).
26
Let g(y) = -y**3 - 5*y**2 - 102*y - 1176. What is g(-10)?
344
Let r(n) = 50598*n + 252914. Determine r(-5).
-76
Let s(h) = -282*h**3 + 30*h**2 + 138*h - 168. Give s(1).
-282
Let l(b) = -1196*b + 60310. Determine l(49).
1706
Let u(w) = w**3 - 15*w**2 - 3253*w + 192. Determine u(65).
-3
Let g(k) = -k**3 - k**2 - 8*k + 15. Determine g(4).
-97
Let j(f) = 2749*f - 222633. Calculate j(81).
36
Let k(p) = -37*p**2 + 51*p + 187. Calculate k(-3).
-299
Let a(s) = 2*s**2 - 10135*s + 1360532. What is a(138)?
-10
Let a(q) = -13578*q - 176382. Give a(-13).
132
Let a(o) = -o**3 + 114*o**2 + 344*o + 180. Determine a(117).
-639
Let q(w) = 25*w**2 + 147*w - 998. Give q(9).
2350
Let h(s) = -3*s**3 - 11*s**2 - 11*s + 135. Determine h(-6).
453
Let o(g) = -3*g**2 - 19343*g + 5023255. Calculate o(250).
5
Let y(m) = -167179*m + 167192. Calculate y(1).
13
Let l(k) = -69*k**3 - 3*k**2 - 5*k - 26. What is l(-3)?
1825
Let r(f) = -f**2 - 3381*f + 248597. Give r(72).
-19
Let p(f) = -623*f - 14145. Calculate p(-23).
184
Let u(w) = -1425*w - 202417. Calculate u(-142).
-67
Let s(x) = -x**2 - 778*x - 2080. What is s(0)?
-2080
Let m(d) = 10*d**2 + 201*d - 1191. Calculate m(-25).
34
Let y(i) = 22453*i + 67244. Give y(-3).
-115
Let r(o) = 11*o**2 - 10751*o + 21510. What is r(2)?
52
Let g(u) = -u**3 + 63*u**2 - 310*u - 1508. Calculate g(57).
316
Let f(u) = 484*u - 17381. Determine f(36).
43
Let t(h) = 733*h**2 - 13*h - 7. Determine t(-1).
739
Let a(s) = 4*s**3 - 681*s**2 + 157*s + 2071. Determine a(170).
-139
Let x(i) = 16*i**3 + i**2 + 101*i + 100. Calculate x(-1).
-16
Let a(s) = -2*s**3 - 42*s**2 + 2085*s + 44895. Calculate a(-22).
-7
Let w(k) = -k**3 - 34*k + 160. Determine w(7).
-421
Let q(l) = -2*l**3 - 586*l**2 - 3451*l - 1989. Calculate q(-287).
20
Let o(r) = -2148*r + 921497. Calculate o(429).
5
Let q(n) = 2*n**2 - 277*n + 9516. Determine q(68).
-72
Let t(y) = y**3 + 20*y**2 + 26432*y + 501851. What is t(-19)?
4
Let z(v) = 3*v**3 - 13*v**2 - 155*v + 922. What is z(5)?
197
Let n(m) = -2144*m - 53225. Calculate n(-26).
2519
Let n(q) = q**2 - 28*q - 73140. Determine n(-257).
105
Let q(k) = 10*k**3 - 2849*k**2 - 330*k + 12796. What is q(285)?
-29
Let a(u) = -u**3 + 61*u**2 + 750*u + 3005. Give a(72).
-19
Let j(x) = -x**3 - 13*x**2 + 145*x + 1325. Give j(-17).
16
Let n(x) = -46202*x + 27120569. What is n(587)?
-5
Let o(n) = 684*n**2 - 5204*n + 2894. Determine o(7).
-18
Let l(p) = 71613*p + 71641. Give l(-1).
28
Let u(q) = 754*q**2 - 4047*q + 1399. What is u(5)?
14
Let k(o) = 257*o**2 - 53*o + 68. Give k(2).
990
Let k(o) = 91*o**2 + 60*o + 106. Determine k(-2).
350
Let n(u) = -527*u - 34128. Give n(-65).
127
Let c(m) = 39*m**2 + 43*m - 1189. What is c(5)?
1
Let i(d) = -133*d**2 + 4926*d + 4858. Calculate i(38).
-6
Let q(k) = 16*k**3 + 384*k**2 + 54*k - 159. Calculate q(-24).
-1455
Let j(y) = -273103*y - 273097. Determine j(-1).
6
Let n(d) = 370*d**2 + 104*d + 43. What is n(-1)?
309
Let i(w) = -20*w**2 - 535*w + 312. What is i(-29)?
-993
Let w(s) = -s**2 + 3562*s + 93301. Determine w(-26).
13
Let m(o) = 7*o**2 + 515*o - 210. Determine m(-74).
12
Let c(w) = -32*w**2 + 2181*w - 2497. What is c(67)?
-18
Let n(z) = -2*z**3 + 840*z**2 + 4243*z + 3002. Give n(425).
27
Let q(o) = -o**3 - 1018*o**2 - 3252*o - 210103. Calculate q(-1015).
2
Let i(f) = 2240*f - 1137634. Give i(508).
286
Let g(y) = -239*y**2 + 1061*y + 8078. Determine g(-4).
10
Let u(i) = -103*i**2 + 311*i + 82. Calculate u(5).
-938
Let g(y) = -y**2 - 250*y - 13031. What is g(-75)?
94
Let y(l) = 4*l**2 + 382*l - 1175. Calculate y(-102).
1477
Let t(g) = -2*g**2 - 413*g - 16869. Give t(-55).
-204
Let g(v) = -81*v**2 + 106*v + 926. Determine g(-7).
-3785
Let n(k) = 2615*k - 122903. Give n(47).
2
Let n(m) = -25*m**3 + 1534*m**2 - 520*m - 1770. Give n(61).
-1
Let j(w) = w**2 - 418*w + 37036. Give j(128).
-84
Let n(p) = 9284*p + 93. Give n(0).
93
Let n(z) = -51*z - 55. Calculate n(-1).
-4
Let m(g) = -g**2 + 5*g + 328. What is m(-29)?
-658
Let x(g) = 2*g**3 + 118*g**2 - 30*g - 629. Calculate x(-59).
1141
Let u(r) = 2243*r + 22713. What is u(-10)?
283
Let w(f) = -21098*f - 8164933. Calculate w(-387).
-7
Let o(w) = 119*w**2 - 9755*w - 243. What is o(82)?
3
Let r(z) = -379*z - 5690. Give r(-21).
2269
Let g(p) = -1143*p + 29664. What is g(25)?
1089
Let v(n) = -1998*n - 141899. Give v(-71).
-41
Let z(b) = 3*b**2 - 498200*b + 4483556. Determine z(9).
-1
Let o(b) = 2*b**2 + 115*b + 743. Calculate o(-50).
-7
Let y(p) = 9*p**2 + 55*p + 533. Give y(-15).
1733
Let t(q) = q**3 + 102*q**2 + 104*q + 306. Determine t(-101).
3
Let m(z) = z**3 - 381*z**2 + 1974*z - 35265. Calculate m(376).
79
Let h(c) = -11557*c - 231145. Determine h(-20).
-5
Let p(s) = s**3 - 14*s**2 - 147*s - 7. What is p(-8)?
-239
Let f(v) = -1761554*v + 1761552. Determine f(1).
-2
Let w(q) = -q**3 - 4*q**2 + 427*q + 3946. What is w(-12)?
-26
Let h(y) = 33*y - 7292. What is h(212)?
-296
Let g(s) = 28348*s + 85018. What is g(-3)?
-26
Let c(x) = -19454*x - 19433. Give c(-1).
21
Let t(i) = 3*i**2 - 128*i - 4830. Determine t(-24).
-30
Let p(u) = u**3 - 23*u**2 - 241*u - 206. What is p(31)?
11
Let s(k) = k**2 + 652*k + 82973. Give s(-173).
106
Let x(h) = -60813*h - 6263765. Give x(-103).
-26
Let c(z) = -22*z + 394. What is c(52)?
-750
Let s(r) = 2*r**2 - 2396*r + 49423. Calculate s(21).
-11
Let j(k) = -42*k**2 + 872*k + 224. Determine j(21).
14
Let o(v) = v**3 + 2*v**2 - 6*v - 136. Determine o(-9).
-649
Let s(u) = -72*u**2 + 705*u + 72. What is s(8)?
1104
Let s(h) = 147*h**2 - 18*h + 10. What is s(2)?
562
Let t(z) = 2886*z - 11634. Give t(4).
-90
Let r(t) = 64*t - 44735. Give r(698).
-63
Let i(r) = -25935*r + 181534. Give i(7).
-11
Let f(n) = -154*n**2 - 1092*n - 1093. What is f(-1)?
-155
Let l(d) = -d**3 + 19*d**2 + 293*d - 716. Determine l(-12).
232
Let c(b) = -118210*b - 118215. What is c(-1)?
-5
Let d(o) = 17*o**2 - 110*o - 1013. Give d(-5).
-38
Let z(v) = -v**2 - 179*v + 6030. Calculate z(29).
-2
Let g(k) = 173171*k - 5541425. What is g(32)?
47
Let o(s) = 90*s**2 + 146*s + 2. Determine o(-1).
-54
Let v(d) = d**2 + 2662*d + 117796. Give v(-45).
31
Let k(z) = -377*z - 11807. What is k(-32)?
257
Let u(j) = j**3 + 24*j**2 + 67*j + 1399. Calculate u(-23).
387
Let i(h) = -h**2 + 820*h - 79078. Determine i(111).
-379
Let m(v) = -2*v**3 - 2*v**2 + 17*v - 3. Give m(2).
7
Let j(r) = -r**3 + 55*r**2 + 440*r + 152. Give j(62).
524
Let b(k) = -6*k**3 - 109*k**2 - 18*k + 7. Calculate b(-18).
7
Let z(c) = c**3 + 24*c**2 - 336*c - 8083. What is z(-19)?
106
Let y(a) = 1798*a + 7569. What is y(-3)?
2175
Let u(s) = 2578*s - 10400. What is u(4)?
-88
Let l(j) = 5186*j - 72606. What is l(14)?
-2
Let a(g) = -7*g**2 + 2263*g - 9048. What